 the third derivative of -1/60*x**5 + 0 + 11/6*x**3 + 7/24*x**4 - x**2 + 0*x. Let y be f(8). What is the greatest common factor of 2 and y?
1
Let n(b) = -8*b**2 - 2*b - 2. Let y be n(-3). Let i = y + 80. What is the greatest common divisor of 24 and i?
12
Let v = 109 + -97. Let o = 15 - 12. What is the highest common factor of o and v?
3
Let p(f) = -f**2 - 15*f + 5. Let u be p(-15). Suppose 0 = t + 4*k - 23, t = -4*t - u*k + 70. What is the highest common divisor of t and 88?
11
Suppose 0 = -b + 3*b - 4*x, -9 = -2*b + x. Let l(f) = 2*f - 9. Let i be l(b). Suppose -5*z = -i*z - 18. What is the highest common factor of 1 and z?
1
Let a(f) be the second derivative of 2*f**3/3 + 27*f. Let l be a(7). What is the greatest common divisor of 168 and l?
28
Let i(b) = -2*b**2 - b - 14. Let j be i(0). Let t be -2 + (-790)/j - 6/14. Let q = -10 - -16. Calculate the highest common factor of q and t.
6
Let z(y) = -y**3 - 16*y**2 + 12. Let r be z(-16). Suppose 1 = i - 5. Calculate the highest common factor of r and i.
6
Suppose y - 578 = 3*h, -17*y - 3*h + 2312 = -13*y. What is the highest common divisor of 68 and y?
34
Let c(n) = -n**2 + 19*n - 6. Let f be c(9). Let l = f - 75. What is the greatest common divisor of 1 and l?
1
Let l(b) = 2*b**3 - 9*b**2 + 5*b + 6. Suppose -3*z - z + 24 = 0. Let j be l(z). Let x be 4 + 5 - (-10 + 1). What is the highest common factor of x and j?
18
Suppose 0 = -2*s + 11 + 19. Suppose 0 = 5*m - 3*m + 5*t - 15, -m = -t - 4. Calculate the highest common factor of s and m.
5
Let h(u) = -7*u - 113. Let x be h(-19). What is the highest common factor of 360 and x?
20
Let z be (-46)/(-12) - 3/(-18). Let s be 2 + (z - 8) - -30. What is the greatest common factor of s and 42?
14
Let z be 32 - (-5)/((-15)/(-9)). Let g be (-10)/25 + 104/10. Let c = g + -5. What is the greatest common divisor of c and z?
5
Let o(k) = k**2 + 9*k - 20. Let b(q) = -q**3 + 7*q**2 - 2*q - 1. Let t = -8 - -15. Let x be b(t). Let z be o(x). What is the highest common factor of 28 and z?
14
Suppose -4*r + 43 = j + 4*j, 4*j - 35 = -3*r. Let u be (4 - 5)/((-1)/11). Calculate the highest common divisor of u and j.
11
Let a be ((-132)/110)/(2/(-80)). What is the highest common divisor of a and 80?
16
Let y(a) = 20*a**2 - 13*a - 4. Let b be y(-3). What is the greatest common divisor of b and 172?
43
Let n = -19 - -37. Suppose -16*l = -18*l + 12. Suppose -s = 5*f - l - 26, -3*f = -3. Calculate the highest common factor of s and n.
9
Suppose 0 = 3*a + o - 237, 4*a - 314 = -10*o + 8*o. Calculate the highest common divisor of a and 30.
10
Suppose 5*j - 14 = 4*o, -10 = -3*j - 0*o + 2*o. Let f be (-30)/(-18) - 2 - (-1010)/j. What is the highest common divisor of 24 and f?
24
Let b be 66*-2*1/2*-1. Let m(g) = 2*g**2 + 13*g + 4. Let v be m(-7). What is the greatest common factor of b and v?
11
Let x(o) = -9 + o**2 + 24 - 8 - 13*o - 2*o**2. Let g be x(-12). What is the highest common divisor of 171 and g?
19
Let w = 696 + -552. What is the highest common divisor of w and 42?
6
Let w be ((-3)/9)/((-2)/18). Suppose w*q = 87 - 3. Let r(t) = -t - 29. Let l be r(-33). What is the greatest common factor of l and q?
4
Suppose 4*j = 56 - 12. Let b(k) = -4*k**2 + k**2 + 25*k**2. Let v be b(1). Calculate the highest common factor of j and v.
11
Let h = -6494 - -6510. Let a be 1/(2 + -3)*-1. Let l be 3*a/(6/4). What is the highest common divisor of h and l?
2
Let d be 3 - 20/(-12) - 13/(-39). Calculate the highest common factor of d and 1315.
5
Let y be -1 + 1 - (-5 - -1). Suppose 0 = -y*h + 21 - 1. Suppose -1 = h*k - 46. What is the greatest common divisor of 1 and k?
1
Let y be (-2)/(-3) - 4/(-3). Suppose 256 = 4*f - 3*f. Let k be y/5 + f/10. What is the highest common divisor of k and 13?
13
Let z(m) = -m**3 + 3*m**2 - 2*m. Let f be z(3). Let g be (-2)/f*255/17. Suppose h + 56 = g*h. What is the greatest common divisor of h and 35?
7
Suppose 0 = -22*h + 17*h - 125. Let k = h + 45. Let l be 8/(-3)*(-75)/2. Calculate the highest common divisor of l and k.
20
Let r be 6 - 31472/(-49) - 10/35. Calculate the highest common factor of 48 and r.
24
Let l = -24 + 27. Suppose l*x = 5*x - 170. What is the greatest common divisor of x and 17?
17
Let c = -47 - -361. Suppose 71 = -9*l + c. What is the greatest common factor of 243 and l?
27
Let q(m) = m**2 + 8*m - 25. Let f be q(3). What is the greatest common divisor of f and 376?
8
Suppose -v = -63*v + 5580. Calculate the greatest common factor of v and 1530.
90
Suppose d = 2*j - 8, 4*d - 3 = j - 0*j. Suppose 4*k = 8, 5*k = -4*n - 32 + 322. Calculate the greatest common factor of n and j.
5
Let b(f) = f**3 - 8*f**2 - 7*f - 18. Let a be b(9). Suppose -2*z + 2*d + 12 = -a, -3*z = -d - 26. Calculate the greatest common factor of 40 and z.
10
Let t = 26 - 11. Suppose -t + 2 = v. Let d be 60/(-12)*(v + -1). What is the greatest common divisor of 14 and d?
14
Let r(u) = -9*u**3 - 54*u**2 - u - 3. Let j be r(-6). Let v be -1 + (2 - -22) - -1. What is the highest common factor of v and j?
3
Let x = -17 + 11. Let j be x/(-3) + 1 - -18. What is the greatest common factor of j and 7?
7
Let a(d) be the third derivative of -d**4/24 + 4*d**3/3 + 2*d**2. Let v be a(6). Let i be (v/(-3))/((-14)/189). Calculate the highest common factor of 99 and i.
9
Let k be (-6 - (-189)/45)/(3/(-35)). What is the greatest common divisor of 2 and k?
1
Let k = 4 - -11. What is the highest common factor of 85 and k?
5
Let v(u) = u**3 - 7*u**2 + 2*u - 1. Suppose 0 = -6*b - 0 + 42. Let s be v(b). What is the highest common factor of 13 and s?
13
Suppose -t - 4*i + 84 = t, -3*t = -4*i - 96. Suppose z - 3*z + t = 0. Let v = -2 + 4. Calculate the highest common factor of v and z.
2
Let k(u) = 7*u - 13 - 4 - 4*u. Let h(d) = d**3 + 7*d**2 - 17*d + 16. Let q be h(-9). Let j be k(q). Calculate the greatest common factor of j and 4.
4
Let a = 152 - 134. Calculate the greatest common divisor of a and 1098.
18
Let l be 168/18*3/(-2). Let v be 4/l - (-128)/56. Let h be -36*(-5)/10*v. What is the greatest common divisor of h and 180?
36
Let h(p) be the third derivative of -p**4/6 - p**3/2 - p**2. Let g be (-15)/21 + 1 - 37/7. Let l be h(g). What is the highest common divisor of 51 and l?
17
Let p(l) = l - 2. Let b be p(0). Let i be 708/48 + b/(-8). Suppose -4*d + o = -206, d + 3*o - i = 43. What is the highest common divisor of 130 and d?
26
Let s(x) = -x**3 + 5*x**2 + 2. Let t be s(4). Let m = -228 - -390. What is the greatest common factor of t and m?
18
Let o be 9/(-6) + 291/(-2). Let q be (o/(-84))/(2/8). Suppose 5*c - 4*z = 2, z - 5 = -5*c + q. What is the greatest common factor of 1 and c?
1
Let d = 110 - 45. Suppose -3 = 7*s - 6*s, 5*h + 5*s = d. Calculate the greatest common divisor of 16 and h.
16
Let a = 442 + -398. Calculate the highest common divisor of a and 44.
44
Let n = 2 - 8. Let y = 5 + n. Let v be (52/1 + y)*2. What is the highest common factor of 17 and v?
17
Let y = -491 - -1251. Calculate the greatest common divisor of y and 80.
40
Let s be 2/(2*1/10). Let w(u) = -4*u**2 - 307*u + 274*u + 10 + 3*u**2 + 8. Let c be w(-31). Calculate the greatest common factor of s and c.
10
Let t be (1152/40)/((-4)/(-5)*19/38). Let q(h) = -5*h + 2. Let z be q(-2). Calculate the greatest common factor of t and z.
12
Let y be (-1)/2*(-60 - -36). What is the highest common divisor of y and 32?
4
Let q(b) = -12*b + 273. Let v be q(22). Calculate the greatest common factor of 9 and v.
9
Let u be (164/5)/((-19)/(-95)). What is the highest common divisor of u and 41?
41
Let s = 4423 - 2882. Calculate the highest common factor of s and 23.
23
Suppose q + k - 15 = 97, -k - 536 = -5*q. What is the highest common divisor of q and 27?
27
Let t = 347 + -317. What is the greatest common factor of 12 and t?
6
Let k = 163 + -26. Suppose k = v + 2. Calculate the greatest common divisor of v and 15.
15
Suppose -5*i = 4*b - 314, b + 0*b + 3*i = 82. Calculate the greatest common divisor of 95 and b.
19
Let u(c) = -143*c + 39. Let d be u(-1). What is the greatest common factor of 156 and d?
26
Suppose 54 = 2*s - 36. Let m = -38 + s. Calculate the greatest common divisor of m and 28.
7
Suppose 3*c - 317 = -5*z, -82 = -5*c + 2*z + 498. What is the highest common factor of c and 18?
6
Suppose 4*r - 3*r = 0,